5).
5
Let g(u) = 2*u**3 + 120*u**2 - 116*u + 37. Calculate g(-61).
-329
Let l(j) = 29*j - 35. Determine l(6).
139
Let v(q) = -q**3 - 2*q**2 + 7*q - 6. Calculate v(-5).
34
Let j(z) = -2*z**2 - 130*z + 1335. Calculate j(-74).
3
Let b(n) = n**3 + 8*n**2 - 90*n + 15. Calculate b(6).
-21
Let u(n) = 1407*n + 4228. What is u(-3)?
7
Let t(b) = 75*b - 51. What is t(-5)?
-426
Let j(a) = -4*a**2 + 34*a - 9. Calculate j(9).
-27
Let w(l) = 490*l - 69109. What is w(141)?
-19
Let c(w) = -33*w**2 - 55*w + 30. Determine c(-2).
8
Let w(i) = 1364*i - 9. What is w(0)?
-9
Let n(j) = -11*j**2 - 112*j + 216. Determine n(2).
-52
Let l(t) = 3*t**2 - 52*t. What is l(17)?
-17
Let c(v) = 2*v**3 - 4*v**2 - 20*v + 8. Determine c(4).
-8
Let n(i) = -2*i**3 + 293*i**2 - 173*i + 3931. Calculate n(146).
-11
Let r(p) = -41*p - 2584. Calculate r(-63).
-1
Let r(f) = 13*f - 338. Give r(30).
52
Let t(f) = f + 98. What is t(15)?
113
Let j(d) = 357*d - 37133. What is j(104)?
-5
Let t(g) = 7*g**3 + 2*g**2 - 332*g + 988. Calculate t(3).
199
Let h(p) = -2*p**2 + 18*p - 54. What is h(11)?
-98
Let h(j) = 1227*j - 6154. Give h(5).
-19
Let w(o) = 262*o**2 - 1578*o + 29. Calculate w(6).
-7
Let z(g) = -g**3 - 36*g**2 + 40*g + 142. Give z(-37).
31
Let f(d) = -2*d + 96. What is f(22)?
52
Let d(l) = 13*l**2 - 136*l + 563. Give d(4).
227
Let n(z) = z**3 + 9*z**2 - 252*z - 2429. What is n(-10)?
-9
Let j(s) = 2*s**3 + 6*s**2 + 270*s + 811. Give j(-3).
1
Let x(y) = -y**3 - 19*y**2 - 15*y + 23. What is x(-18)?
-31
Let v(b) = -b**3 - 2*b + 1. Determine v(6).
-227
Let v(z) = z**3 + 61*z**2 - 122*z + 249. Calculate v(-63).
-3
Let b(f) = 6*f**3 - 55*f**2 - f + 100. What is b(9)?
10
Let g(j) = 14*j**2 - 641*j - 145. Give g(46).
-7
Let b(m) = 4*m**2 - 10*m - 21. Calculate b(-2).
15
Let a(o) = -5*o**3 - 30*o**2 - 12*o + 57. What is a(-5)?
-8
Let t(q) = q**2 + 142*q - 9591. What is t(50)?
9
Let y(c) = 4*c**2 - 5*c + 10. Calculate y(5).
85
Let w(t) = 187*t - 1305. Give w(8).
191
Let o(n) = 6*n**2 - 63. Calculate o(7).
231
Let l(w) = w**3 + 19*w**2 + 432*w + 8194. Determine l(-19).
-14
Let i(q) = 69*q**2 + 5*q - 16. What is i(2)?
270
Let n(w) = w**2 + 5*w - 23. Determine n(4).
13
Let l(b) = -10*b + 874. Determine l(-58).
1454
Let o(s) = 74*s**2 - 698*s + 13. Calculate o(9).
-275
Let w(p) = -81*p + 8023. Determine w(99).
4
Let s(k) = -10*k**2 + 16*k - 11. What is s(3)?
-53
Let p(b) = -2*b**3 + 50*b**2 - 46*b + 39. Calculate p(24).
87
Let x(j) = -17*j**2 - 62*j - 50. Calculate x(-3).
-17
Let r(a) = -12*a**3 - a**2 - 25*a - 20. Determine r(-1).
16
Let i(v) = -43*v + 299. Give i(8).
-45
Let d(j) = -25*j - 367. What is d(-19)?
108
Let f(j) = -2*j**3 - 53*j**2 + 466*j - 2. What is f(7)?
-23
Let t(c) = -3*c**2 + 65*c + 157. Determine t(17).
395
Let s(b) = -5*b - 8. Calculate s(3).
-23
Let m(n) = 2*n**2 - 2371*n - 21496. Calculate m(-9).
5
Let t(q) = 4*q**2 + 75*q + 84. Calculate t(-16).
-92
Let c(g) = -g**3 + 3*g**2 + 59*g - 713. Give c(-10).
-3
Let r(i) = -521*i + 7287. Determine r(14).
-7
Let d(s) = -6*s**2 + 182*s - 45. What is d(30)?
15
Let y(b) = b**3 - 11*b**2 - 21*b + 56. Determine y(12).
-52
Let r(h) = 2*h**2 - 470*h - 4907. Determine r(245).
-7
Let w(g) = 5*g**2 - 168*g - 4. Give w(32).
-260
Let u(a) = -2424*a - 43606. What is u(-18)?
26
Let s(p) = 2*p**2 - 89*p + 138. Give s(43).
9
Let b(g) = 2*g**2 - 15*g + 14. Give b(10).
64
Let y(j) = -3*j**2 + 291*j + 1219. Determine y(-4).
7
Let y(z) = z**2 + 28*z - 41. Give y(-19).
-212
Let f(x) = -12*x**3 + 29*x**2 + 9*x - 38. Give f(2).
0
Let n(p) = -59*p**2 - 588*p + 24. Give n(-10).
4
Let o(n) = -11*n**3 - 4*n**2 - 187*n + 190. What is o(1)?
-12
Let o(n) = 27*n - 20. Give o(-9).
-263
Let b(y) = -y**3 - 93*y**2 + 187*y - 200. Give b(-95).
85
Let q(d) = 5*d**2 + 116*d - 202. Determine q(-25).
23
Let p(y) = 2*y**3 - 6*y**2 - 3*y - 92. What is p(5)?
-7
Let y(i) = 16*i + 197. Determine y(-17).
-75
Let l(b) = -113*b**3 - 2*b**2 - 3*b - 1. Calculate l(-1).
113
Let z(j) = -20*j + 406. Give z(19).
26
Let v(p) = 4*p**2 + 62*p + 352. Calculate v(-8).
112
Let q(j) = -j**2 - 38*j - 67. What is q(-35)?
38
Let a(x) = -x**3 + 16*x**2 + 14*x - 79. Calculate a(17).
-130
Let d(g) = -22*g**2 - 222*g - 25. What is d(-10)?
-5
Let u(w) = 42296*w - 84592. What is u(2)?
0
Let r(f) = -3*f**3 - 4*f**2 + 5*f - 36. Determine r(3).
-138
Let g(y) = -26*y - 849. Give g(-39).
165
Let k(a) = -a**3 + a**2 + 75*a - 7. Give k(-9).
128
Let h(r) = -r**3 - 15*r**2 - 40*r - 906. Determine h(-16).
-10
Let g(s) = 450*s + 2343. Calculate g(-6).
-357
Let a(n) = 6*n**2 + 62*n + 37. Calculate a(-8).
-75
Let d(q) = q**3 + 16*q**2 - 2*q - 51. Determine d(-16).
-19
Let q(n) = -16396*n - 623051. Determine q(-38).
-3
Let b(u) = -34*u**2 - 38*u + 37. Determine b(1).
-35
Let r(u) = 5*u**2 - 86*u - 49. Determine r(19).
122
Let t(c) = -5*c**3 + 20*c**2 + c - 11. Calculate t(4).
-7
Let x(s) = -4*s**2 + 74*s - 297. Calculate x(16).
-137
Let r(o) = -2*o**3 - 3*o**2 - 16*o - 9. What is r(-4)?
135
Let f(n) = -n**3 - 13*n**2 + 2*n + 19. Give f(-13).
-7
Let h(u) = u**3 + 23*u**2 + 43*u + 93. Calculate h(-21).
72
Let j(t) = 6*t + 59. What is j(10)?
119
Let m(z) = 6*z**2 + 174*z - 2037. Determine m(9).
15
Let s(d) = -157*d**2 - 2*d - 1. Determine s(-1).
-156
Let l(n) = -91*n - 646. What is l(-6)?
-100
Let y(j) = j**2 - 3029*j + 101830. Give y(34).
0
Let r(g) = -110*g + 4296. Determine r(39).
6
Let m(p) = -p**2 + p + 2. Calculate m(-1).
0
Let r(z) = -z**3 + 2*z**2 - 62*z + 266. What is r(4)?
-14
Let j(d) = d + 5. Give j(-15).
-10
Let o(c) = 4*c**3 - 13*c**2 - 5*c + 13. What is o(3)?
-11
Let v(z) = 2*z**2 + 11*z - 52. Calculate v(0).
-52
Let t(k) = -3*k**3 - k**2 - 4*k + 32. What is t(0)?
32
Let f(j) = 5*j**3 + 62*j**2 - 26*j - 140. Give f(-13).
-309
Let o(r) = -210*r - 4528. Determine o(-22).
92
Let j(o) = -o**3 + 3*o**2 - o - 58. What is j(0)?
-58
Let w(k) = 585*k + 2918. Determine w(-5).
-7
Let h(j) = j**3 + 77*j**2 + 178*j + 2083. Determine h(-75).
-17
Let p(d) = 137*d - 673. Determine p(5).
12
Let c(h) = 2*h - 349. Calculate c(56).
-237
Let c(r) = -r**3 + r**2 + 47*r + 37. What is c(7)?
72
Let p(t) = 4*t**2 - 35*t - 18. Calculate p(10).
32
Let v(o) = -o**3 + 41*o**2 + 31*o + 456. Determine v(42).
-6
Let h(w) = w**2 + 18*w - 2798. Give h(45).
37
Let d(l) = 18*l + 44. What is d(3)?
98
Let k(a) = -2*a**2 - 49*a + 84. Calculate k(-26).
6
Let a(y) = -2*y**3 + 32*y**2 - 276*y + 5255. What is a(17)?
-15
Let n(v) = v**3 - 27*v**2 - 91*v + 33. Determine n(30).
3
Let r(o) = -60*o + 215. Calculate r(4).
-25
Let z(h) = 44*h + 2196. Give z(-50).
-4
Let f(u) = -u**3 + 16*u**2 - 52*u + 434. Calculate f(14).
98
Let l(a) = 3022*a + 27199. Determine l(-9).
1
Let y(d) = -d**3 + 25*d**2 - 109*d - 25. What is y(21)?
-550
Let l(g) = g**3 + 6*g**2 + 713*g + 5820. What is l(-8)?
-12
Let c(r) = r**3 - 44*r**2 + 469*r + 243. Determine c(24).
-21
Let q(k) = 424*k - 9213. Give q(22).
115
Let b(j) = 3*j**2 - 313*j - 577. Determine b(106).
-47
Let i(m) = 6*m**2 - 27*m + 10. What is i(4)?
-2
Let r(p) = -14*p**2 - 196*p - 344. Give r(-12).
-8
Let p(l) = -2*l**2 + 604*l - 26011. What is p(52)?
-11
Let y(p) = -41*p + 604. Give y(15).
-11
Let x(v) = 50*v + 26. What is x(1)?
76
Let y(r) = -616*r + 7375. Give y(12).
-17
Let w(g) = -2*g**3 + 156*g**2 - 4*g + 267. Determine w(78).
-45
Let w(v) = v**3 - 6*v**2 - 93*v + 489. What is w(5)?
-1
Let n(h) = 3*h**2 - 25*h + 38. What is n(5)?
-12
Let i(b) = -3*b**2 + 20*b + 46. Determine i(-2).
-6
Let i(u) = -2*u**3 + 20*u**2 + 50*u - 16. What is i(12)?
8
Let l(v) = 10*v**2 + 25*v - 17. Calculate l(-2).
-27
Let z(u) = 40*u - 43. Give z(6).
197
Let a(f) = -433*f + 64493. Give a(149).
-24
Let w(n) = -7*n**2 + 982*n - 969. Determine w(1).
6
Let c(p) = p**2 - 33*p + 80. Give c(13).
-180
Let i(s) = -96*s + 3043. Give i(32).
-29
Let b(z) = 15*z**2 - 16*z + 3. What is b(2)?
31
Let h(n) = 19*n + 1834. Determine h(-95).
29
Let j(r) = -73*r - 1771. Determine j(-25).
54
Let q(h) = 2*h**2 + 93*h + 1005. Calculate q(-15).
60
Let a(g) = 253*g + 2078. Give a(-8).
54
Let j(s) = -s**3 - 67*s**2 - 127*s + 232. Give j(-65).
37
Let s(j) = -3*j**3 + 5*j**2 + 34*j + 75. Calculate s(0).
75
Let o(i) = 3*i**2 + 103*i - 81. Determine o(-35).
-11
Let s(g) = g**2 + 34*g + 51. What is s(-29)?
-94
Let l(j) = -j**2 + 45*j + 30. Give l(37).
326
Let 